?
True
Suppose h = -5*n - 18, -3*h - 4*n = h + 24. Is 1/((-2)/787)*(h - -1) composite?
False
Suppose 2*c - 2*y + 3 = 17, 3*y + 26 = 4*c. Is ((-58)/8)/(c - (-461)/(-92)) a composite number?
True
Suppose -a = 5*l + 22, 4*l + 26 = 3*a - a. Suppose a = -x + 4. Is x*(0 + 166)/2 composite?
False
Let p(o) = 45*o**2 - 11*o + 41. Is p(-19) prime?
False
Let l = -552 - -226. Let w be (-2)/(2 + 653/l). Suppose 0*q = -4*q + w. Is q prime?
True
Suppose -2*h = 5*l - 118 - 50, -80 = -2*l - 4*h. Let t be l/(-10) - (-1)/5. Let m = 134 + t. Is m composite?
False
Let l(s) be the second derivative of -79*s**3/6 - 5*s**2/2 + 13*s. Is l(-12) a prime number?
False
Let i(y) = y**2 + y - 1. Let c(m) = m**2 - 4*m + 2. Let h be c(3). Let f(k) = k**3 - 10*k**2 - 3*k - 6. Let z(r) = h*f(r) - i(r). Is z(6) a composite number?
False
Let d(w) = 18*w**2 + 31*w - 6. Is d(-23) prime?
True
Let h = 13 - 8. Let l(f) = 54 + h*f + f**2 - 11*f - 41. Is l(-14) a prime number?
True
Suppose 1 = -3*p - 2*z + 3, -2*p = -3*z + 16. Let y be ((-2)/(-1))/2 - p. Is y/6 - 2379/(-6) composite?
False
Let r = 3645 - -4567. Is r/12 - (-8)/(-6) a composite number?
False
Suppose -3*p - 2 = -g, g - 3*g - 3*p = -13. Suppose 2*s = 5*l - 4307, -2*l - 5*s - 2588 = -g*l. Suppose l = -a + 4*a. Is a composite?
True
Suppose 4*m = p - 884, -p + 5*m + 166 = -714. Let d = p + -407. Is d a prime number?
False
Suppose -2*x - 4*m + 208 = m, 3*m - 321 = -3*x. Let b = 22 + x. Is b composite?
False
Let w(b) = 2*b - 14. Let r be (14/(-3))/((-36)/54). Let q be w(r). Let s(z) = z**3 + z**2 + z + 877. Is s(q) prime?
True
Suppose -5*s + 5*i - 1105 = 0, 0 = -4*s + 5*i + 155 - 1034. Let j = s + 441. Is j composite?
True
Suppose -4*s + 9 = 1. Suppose 35 = -3*i - 5*a, 14 = -3*i + s*i - 4*a. Is (i/3)/(4/(-1146)) a prime number?
False
Let o(f) = -2*f**2 + f + 7. Let v be 0/(0 - 0 - -1). Let i be o(v). Suppose 164 = h + i. Is h prime?
True
Let w = 42 + -37. Suppose -w*b - 2*j + 2429 = 0, 3*b + 0*j - 1458 = -j. Is b prime?
True
Let l(i) = 4*i + 13*i**2 - 37 + i + 0*i + 54. Is l(8) composite?
True
Suppose -r = p - 744, 1877 + 365 = 3*p + r. Suppose f + 2*f = -2*g + 767, -3*f - p = -2*g. Is g a composite number?
False
Let v(a) = -4*a + 1. Let f be v(-2). Suppose f - 3 = -g + 2*l, -g + l - 2 = 0. Is 744/36*3/g a composite number?
False
Suppose 92*x - 91*x - 71 = 0. Is x composite?
False
Let l = 990 + -712. Is l a composite number?
True
Suppose -15*j + 20 = 95. Let k = 10 - 20. Is (4106/k)/(1/j) a composite number?
False
Let g(a) = 2*a**3 - 3*a**2. Let r be g(2). Let k = 7 - r. Suppose -k*t + 197 = -364. Is t prime?
False
Let q(z) = 206*z**2 - 1. Suppose -2*f - 5*k = -7*f - 10, -k = 3*f - 14. Suppose -o + 5*c - 9 - 15 = 0, -2*o = f*c - 17. Is q(o) a prime number?
False
Let o be 39/(-1) - (1 - 4). Is (0 - -1) + o/(-1) a prime number?
True
Let w(d) = -d**3 - 5*d**2 - d - 1. Is w(-8) a prime number?
True
Is 35*3/(-15) - 76092/(-2) a composite number?
False
Let j(v) = v**3 - 2*v**2 - 3*v - 144. Let p be j(0). Is ((-2302)/6)/(-4*(-6)/p) a composite number?
True
Suppose 0 = 4*a + 2*t + 6, a = t - 9. Is 16/a - -6 - -441 composite?
False
Suppose 5*j + 10 = 0, -j - 2*j = q + 1. Suppose 0 = -q*v - 5 - 0. Is (43 - 5)/(1 - v) a prime number?
True
Let v be (66/(-9))/(1/(-18)). Is v - 5 - (0 - 0) composite?
False
Let r = 55367 + -37602. Suppose -4*w + 5*h - 4701 + r = 0, -w + h = -3267. Is w prime?
True
Suppose 3*z = 4*s - 8, -2*s + 2*z + 6 = s. Suppose -b - 12 = s*b. Is 30 - (0 - 5 - b) a composite number?
False
Suppose 16*i - 69394 = -10*i. Is i composite?
True
Suppose -j = -2, 472 + 93 = t - 4*j. Is t composite?
True
Let r = 2378 + -1131. Is r prime?
False
Let w be (-2)/3 + 15510/18. Let x = w - 460. Is x a prime number?
True
Let h = -6622 - -11736. Is h prime?
False
Let k(s) = 433*s**2 - 61*s - 385. Is k(-9) a prime number?
False
Let y(t) = -t**3 - 4*t**2 - 3*t + 2. Let s be y(-3). Suppose -5*x - s*j + 11591 = 0, 5*j - 3 = 12. Is x a composite number?
True
Let q(s) = s**3 - 6*s**2 + 17*s - 9. Let h = 107 + -100. Is q(h) prime?
False
Let f(s) = -49*s - 27. Let h be f(10). Let o(u) = -4*u**2 + 10*u - 9. Let y be o(7). Let w = y - h. Is w composite?
True
Is (-4)/6 + 9173021/39 composite?
True
Let s = -168 - -604. Let h = s - 55. Is h a prime number?
False
Let n be -11*2*(-4)/8. Suppose 0 = -2*m + n - 3. Suppose 5*f - 306 = -m*d, 0*f + f = 2*d - 146. Is d composite?
True
Suppose -4 = -s - 2*i, s = -0*s + 5*i - 10. Is 1061/((-4)/(-4 - s)) a composite number?
False
Let s(z) = z**2 - 16*z - 60. Let f be s(20). Suppose 0 = -27*r + f*r + 3997. Is r prime?
True
Let p = -3461 - -5238. Is p a composite number?
False
Suppose -2*x + 0*x = -76. Suppose -y = -5*o + x, 3*o - 3*y - 30 = -0*y. Let q(i) = 4*i**2 + 7*i - 10. Is q(o) composite?
True
Let k(p) = p**2 - 4*p - 7. Let n be k(5). Let g(s) = -68*s - 58*s + 12*s**2 + 124*s + s**2 - 3. Is g(n) a prime number?
True
Suppose 0 = 2*u - 568 + 94. Let b = u + -88. Is b prime?
True
Let c(f) = -19*f + 7. Let s(p) = -p**3 - 8*p**2 - 5*p + 8. Let y be s(-7). Is c(y) prime?
False
Let c(d) = 2*d**3 - 11*d**2 + 32*d - 24. Is c(13) prime?
True
Let k(d) = -d**3 + 8*d**2 - 4*d - 8. Suppose -3*h + 4 = 2*w, h + 0*h = -2*w. Suppose -z = -2*f - 9, 2*z - h*f + 19 = 5*z. Is k(z) a composite number?
False
Suppose 114345 - 747935 = -10*o. Is o a prime number?
False
Let y = 13 + 33. Suppose -5*x + y = -189. Is x prime?
True
Let j be (-1*1/3)/(4/60). Is 559*9 + (j - -4 - 3) a prime number?
False
Is 86460/25 - (-91)/(-65) composite?
False
Let p(m) = 32*m - 21. Let u(s) = s**2 - 4*s - 8. Let n be u(-3). Is p(n) a composite number?
True
Let k(y) = 17*y - 12. Let x be k(2). Is 16/(-88) + (-62)/x - -842 a prime number?
True
Suppose 3*x = 17968 + 14429. Is x a composite number?
False
Is (-5)/(5/(-4773)) + 164/41 a composite number?
True
Let u = 1449 + 16814. Is u a composite number?
True
Let w(x) = 6*x**2 - 15*x - 119. Is w(-16) composite?
False
Suppose 0 = 6*a - 2*a - 20. Suppose -a*s - 4*x = -2185, x + 3*x = s - 437. Is s a composite number?
True
Suppose -1197 = 3*l - 0*l. Let i = 1868 + l. Suppose -s - 3*k + 891 = 2*s, -5*s = -3*k - i. Is s prime?
False
Suppose 0 = 2*b + 3*b - 95. Let z be -2 + 5 + (1 + 3 - 4). Let x = z + b. Is x prime?
False
Suppose 0 = -5*x - 15, 5*j - 19078 = j - 2*x. Is j a composite number?
True
Let c = 2347 - 770. Is c a prime number?
False
Let k = 18 - 35. Let c = k + 20. Suppose -1077 = -c*o + 684. Is o a composite number?
False
Suppose 12 - 2 = 2*s - j, 2*s + 3*j = -6. Suppose s*o = 8*o - 15. Suppose p = -3*u + 1920 - 691, -3*u - o*p = -1233. Is u a composite number?
False
Suppose 0*f + f = 0. Let t = 24 + -25. Is (t + 447)/2 + f composite?
False
Let o = 71 + -8. Let g = 46 + o. Is g composite?
False
Suppose 3*t = 3*j - 90, 6*t - t - 100 = -5*j. Let n be ((-8)/10)/(5/j). Let k = 83 + n. Is k composite?
False
Let p be 10/30 + (-16)/(-6). Is ((-8)/p - -3)*2751 a prime number?
False
Suppose -2*x + 59499 = v, -x + 223533 = 3*v + 45016. Is v prime?
False
Suppose 10 = 3*r - 5. Suppose -3*f - w = f - r, -2*f - 3*w - 5 = 0. Suppose 2*k - 354 + 92 = -2*y, -k - 268 = -f*y. Is y a composite number?
True
Is (26 - 35) + (15266 - -2) prime?
True
Let n(d) = -16*d - 1. Let u(l) = -l**2 + 5*l - 3. Let h be u(3). Suppose -h*t + o - 31 = -4*o, 25 = 5*o. Is n(t) composite?
False
Let y be (-2)/(-1) + 63/21. Suppose -3*o + y*g + 381 = 0, -4*o + 4*g + 705 - 197 = 0. Is o prime?
True
Is (-30)/(-75) + 142344/15 + 3 composite?
True
Let q be 738/12 - (-6)/4. Suppose 6*v = q + 879. Is v a composite number?
False
Let u(q) = 196*q**2 - 5*q - 36. Is u(7) a composite number?
False
Suppose -1156 = u - 4*y, -3*y = -0*u - u - 1157. Is u/16*-3*(-2)/(-5) a composite number?
True
Is (6 - 1) + (39720 - 16) a composite number?
False
Suppose -135*u + 114087 = -84*u. Is u a prime number?
True
Let g(y) = 83*y**2 - 3*y - 76*y**2 - 2*y + 13. Is g(-10) prime?
False
Let w = 13 + -22. Let x be 6/w - (-41)/3. Suppose x - 448 = -3*f. Is f composite?
True
Suppose -c + 124 = -97. Let x = 532 - c. Suppose -4*k = -317 - x. Is k a prime number?
True
Let i(r) be the second derivative of 4*r + 293/3*r**3 - 1/2*r**2 + 0. Is i(2) a composite number?
False
Let s(g) = -401*g - 22. Let i be s(-7). Suppose 22*c - 27*c + i = 0. Is c composite?
False
Suppose 4*q = -2*w 